= -2*y + 11, 4*w - 4 = d. Let j be ((-12)/(-8))/(6/y). What is the greatest common divisor of 14 and j?
2
Suppose 0 = -w - 2*k + 277, w = -4*k + 129 + 140. Calculate the highest common divisor of 15 and w.
15
Suppose 3*w - 3*p - 24 = 0, 2*p - 6 = -w + 4*p. What is the greatest common factor of 170 and w?
10
Let v be ((-18)/(-3))/(-3) + 17. Let i be ((-3)/(-2) - -1)*264/110. What is the highest common divisor of i and v?
3
Let m = 376 - -282. Suppose 8*p - m = p. Calculate the highest common factor of p and 141.
47
Let y = 1 - -11. Let l be 25 - (9 + 220/(-11)). Calculate the greatest common divisor of l and y.
12
Let z(o) = -18*o - 2. Let i be z(-2). Suppose -3878*b = -3862*b - 412 - 404. What is the greatest common factor of b and i?
17
Suppose -4*k + 3740 = 7*k. Calculate the greatest common factor of 60 and k.
20
Suppose -5*h = 3*q - 303, -5*q - 98 + 569 = -3*h. Let d = -2039 - -2071. What is the greatest common factor of d and q?
32
Let f(i) = -i**3 + 15*i + 1. Let v be f(-4). What is the greatest common factor of 11 and v?
1
Let h = 51 - -93. What is the highest common divisor of 18 and h?
18
Let m be (6 + -7)*(-2 + -1)*1. Let j be (-18)/(-27) + 4/m + 0. What is the greatest common divisor of j and 34?
2
Let n(f) = -8*f + 12. Let j be n(-6). Let k be (0 + 2 - 1)*6. What is the highest common factor of j and k?
6
Suppose 4*p - g = 1264, -2*g + 210 = p - 97. Calculate the highest common factor of 7 and p.
7
Suppose 335 = -2*n + 3*n. Suppose 240 + n = 5*z. Let u = 103 - 57. Calculate the greatest common factor of u and z.
23
Suppose -7*k + 8*k = -2. Let v = k - -6. Suppose v*t - 48 + 8 = 0. Calculate the highest common factor of 70 and t.
10
Suppose -35*w - 10710 = -50*w. Calculate the highest common divisor of w and 126.
42
Let o(v) = v**2 - 22*v - 96. Let d be o(26). Calculate the highest common divisor of 296 and d.
8
Suppose c - 279 - 401 = -4*s, -5*c = -5*s + 875. What is the highest common factor of 27 and s?
9
Let c(k) = 2*k**3 + k - 5. Let n be c(3). Let w = n - 24. What is the greatest common divisor of w and 4?
4
Suppose 0 = -131*v - 69 + 3606. Let d be 1/(-2)*6/(-1). What is the greatest common factor of d and v?
3
Let q(d) = -2*d**3 - 3*d**2 - d. Let m be q(-2). Let o = 68 + 40. Suppose m*j - o = 2*j. Calculate the highest common factor of j and 135.
27
Let w = -189 + 597. Let x be 12/(-14)*70/10*(-17)/2. Calculate the highest common factor of x and w.
51
Suppose -11*o - 15 = -d - 13*o, 3*o + 82 = 4*d. Calculate the greatest common factor of d and 779.
19
Let d = -152 + 177. Let a = 50 - 25. Calculate the greatest common divisor of d and a.
25
Let u be -5 + 18/(-63) + (-226)/(-7). Calculate the greatest common factor of u and 216.
27
Let q = 10 + -6. Suppose -3*b - 4*s = -2 - 82, 2*b - 61 = -s. Calculate the highest common factor of b and q.
4
Suppose -98 = y + 19. Let g = y - -128. What is the highest common divisor of 99 and g?
11
Suppose -4*r = f - 32, 2*f - 51 = -4*r + 1. What is the highest common factor of f and 15?
5
Let y(w) = 2*w - 14. Let p(z) = 2*z - 15. Let b(r) = -3*p(r) + 2*y(r). Let c be b(3). Calculate the highest common divisor of c and 44.
11
Suppose 5*i - 5*u - 5 = 0, 16 = -2*u + 6*u. Suppose -i*j + 113 + 62 = 0. Calculate the highest common divisor of 5 and j.
5
Suppose 3*x + 432 = 7*x. Let i = x - 76. Calculate the highest common divisor of 4 and i.
4
Suppose -2*d - 8 = -3*z - 0*d, 5*z = d + 25. Suppose -z*l = 2*l - 200. Calculate the highest common factor of l and 125.
25
Let t(r) = r + 7. Let u be t(-2). Let d = 10 + u. Calculate the greatest common divisor of 15 and d.
15
Let d = -89 - -93. Suppose -d*i + 128 = -4*y, 0 = -4*i - 3*y - 40 + 140. Calculate the greatest common divisor of i and 252.
28
Let o(k) = 5*k**2 + k. Let j be o(1). Let p = 10 - j. Suppose -7*a = -p*a - 3. Calculate the greatest common factor of 4 and a.
1
Let p = 4 + 0. Suppose 0 = -p*j + 400 + 260. Let q(f) = f**3 - 6*f**2 - 4*f - 6. Let v be q(7). What is the greatest common divisor of v and j?
15
Let f be (6 + 153/(-18))*(-70)/7. What is the greatest common factor of 1675 and f?
25
Let j = -43 + 7. Let f = j + 20. Let h = f - -28. Calculate the greatest common divisor of h and 4.
4
Let u(z) = 3*z - 6. Let i be u(4). Suppose 0 = 24*w - 27*w + i. Suppose 0 = 5*c, -3*c = -w*a - 7*c + 42. What is the greatest common factor of 7 and a?
7
Let y be (6/4)/((-12)/(-16)). Suppose -1191 - 709 = -y*z. Let q be z/30 + 1/3. What is the greatest common factor of 48 and q?
16
Let k(u) = 2*u**2 - 37*u + 144. Let t be k(0). Suppose -4*r + 4*q + 120 = -r, 0 = 5*r - 4*q - 192. Calculate the highest common factor of t and r.
36
Let b = -92 - -102. Suppose b*v - 12*v = -14. Calculate the highest common factor of 14 and v.
7
Let g(t) = 2*t. Let h be g(1). Suppose 0 = -h*r - 0*r + 20. Suppose -f + 4*u - 2*u + r = 0, -3*f + 26 = -4*u. What is the highest common factor of f and 2?
2
Let m(l) = l**3 + 8*l + 1162. Let x be m(0). What is the highest common factor of x and 28?
14
Let i = 3 + 3. Let k be (-514)/(i/(-3)) - 4. What is the highest common divisor of k and 23?
23
Let i be (-96)/(-28) - (-12)/21. Suppose 4*j = 16 - i. Suppose 75 = j*f - 45. What is the highest common factor of 8 and f?
8
Suppose 5*u + 71 + 59 = 0. Suppose 3*a + 2*a + 20 = 0, 3*m + 225 = -3*a. Let y = u - m. Calculate the highest common divisor of 5 and y.
5
Let w = 5 + 10. Let x be 20*2*3/w. What is the greatest common factor of 1 and x?
1
Let q = 33 + -18. Suppose 4*b - 3*o = 44, 3*b + 0*o - 2*o = 32. Let r be ((-805)/(-6) - -1) + b/(-48). What is the greatest common divisor of q and r?
15
Let z be (-5378)/(-12) - (-47)/(-282). Calculate the greatest common divisor of 7 and z.
7
Let i(k) = 2*k**2 + k - 23. Let w be i(5). What is the greatest common divisor of 88 and w?
8
Suppose 3*f - 15 = -0*f. Suppose -3725 = -f*u - 3*g, 3*u = -0*g - g + 2239. Suppose u = 3*i + 100. Calculate the greatest common factor of 24 and i.
24
Let z = -66 + 84. Let h(x) be the third derivative of 19*x**5/60 - x**4/8 + x**3/3 - 2*x**2. Let i be h(1). Calculate the highest common divisor of z and i.
18
Let r(f) = -13*f - 7. Suppose -2*l - 26 = -y + 3*y, -3*y - 23 = -l. Let m be r(y). Calculate the highest common factor of 10 and m.
10
Suppose -14 = -2*x + 42. Let p be (187/(-55) + 2/10)*-35. Calculate the highest common factor of p and x.
28
Let k be 6/(-9 + 252/27). Suppose 11 = -z + 2*w, 0*w + 28 = -4*z + 4*w. Let g = k + z. Calculate the highest common divisor of 120 and g.
15
Let i be 56/126 - (-14)/9. What is the greatest common divisor of i and 36?
2
Let b = 0 - -2. Suppose b*j + 8 = j. Let d = 64 - j. Calculate the highest common divisor of d and 9.
9
Let r(v) = 27*v + 35. Suppose -7*a + 24 = -11. Let o be r(a). What is the highest common factor of 34 and o?
34
Let f = -22 + 44. Let q(k) = 24*k - 112 + 5*k + 109. Let g be q(2). What is the greatest common factor of f and g?
11
Let v = -1136 + 1255. Calculate the greatest common factor of v and 153.
17
Let c(x) = -x**3 + 120. Let s be c(0). Suppose a = -a + s. Let u(j) = -j**2 + 27*j - 161. Let g be u(11). What is the greatest common divisor of g and a?
15
Let v be ((-1)/2)/(5/(-480 - 0)). Suppose -v = 99*q - 102*q. What is the greatest common divisor of 16 and q?
16
Suppose -31*c + 22*c + 360 = 0. Let k(o) = 3*o**2 + 5*o. Let l be k(5). Calculate the greatest common divisor of c and l.
20
Let c = -21 + 24. Suppose 2*i = -p - 4*p + 1359, -3407 = -5*i - c*p. What is the highest common factor of i and 62?
62
Let w = -1554 - -1626. What is the highest common divisor of 252 and w?
36
Let o(m) = 0*m - 1 - 2 - m + 1. Let x be o(-7). Suppose 2*y - 11 - 3 = 3*f, 3*y + x*f = -17. Calculate the highest common factor of y and 10.
1
Let v = -304 - -328. What is the highest common divisor of v and 432?
24
Let l be 1 - (12*-1 + -2). Let p be (4/(-10) - 0)*55. Let c be (1 + p/8)*-60. What is the greatest common factor of c and l?
15
Let a(s) = -s**2 - 19*s - 53. Let l be a(-13). What is the highest common divisor of l and 325?
25
Let j(y) be the third derivative of -y**4/8 - 23*y**3/6 - 17*y**2. Let w be j(-12). What is the greatest common divisor of w and 26?
13
Suppose -2*r - 5*i + 277 = 0, 5*i + 141 = r + 8*i. Calculate the highest common divisor of r and 28.
14